5*x - 9. Suppose 0 = -x*j + 3*j + 34. Calculate the remainder when j is divided by 9.
8
Suppose -3*d - 4*o = -0*d - 20, -d = -2*o. Suppose 3*f = -0*w - 5*w + 39, 4*w - d*f = 12. Calculate the remainder when 23 is divided by w.
5
Let l(k) = -k**3 - k + 10. Let f be l(0). What is the remainder when 27 is divided by (-148)/(-20) - 4/f?
6
Calculate the remainder when 61 is divided by -2 - (-7 - 16) - 0/(-1).
19
Suppose -16*q = -17*q + 50. Calculate the remainder when q is divided by 4.
2
Let t = 27 - 3. Let i(g) = -g**3 + g**2 - g - 1. Calculate the remainder when t is divided by i(-2).
11
Suppose 106 + 272 = -3*i. Calculate the remainder when 1*-2*i/9 is divided by 10.
8
Suppose -3*p + 74 = 5. Let f be 0 + (1 - 1) - -16. Suppose 7*q - f = 5*q. Calculate the remainder when p is divided by q.
7
Let w = 96 + -9. Suppose -4*q + 5*d + 152 = 0, q + 4*d = -4*q + 149. Calculate the remainder when q is divided by w/5 + 6/(-15).
16
Suppose 6*q - 3*q + 4*f = 21, -21 = -2*q - 5*f. Suppose -4*p + 5*j - 2*j = -42, 0 = -3*p + j + 29. What is the remainder when p is divided by q?
0
Suppose 3*r = -3, -1 = -c + 2*r - 3*r. Suppose -37*p + 35 = 4*l - 32*p, 16 = 5*l - 3*p. Calculate the remainder when l is divided by c.
1
Suppose -4*y = -i - 107, -2*i - 79 = -2*y - y. Calculate the remainder when (-2)/15 + (-4692)/(-90) is divided by y.
25
Suppose 4*y - x - 5 = y, -2*x = -5*y + 7. Let h = 29 + -28. Calculate the remainder when y is divided by h.
0
Let a = 17 + 22. Suppose d = -3*d + 40. Let i = 0 + d. Calculate the remainder when a is divided by i.
9
Suppose -3*u = -2*u - 1. Calculate the remainder when 73 is divided by u*(20 - (-4 - -5)).
16
What is the remainder when (-2884)/(-42) - (-1)/3 is divided by 18?
15
Calculate the remainder when 38 is divided by (84/8)/(3/4).
10
Calculate the remainder when (4/3)/(18/432) is divided by 17.
15
Let i(m) = -m**3 + 5*m**2 + 2*m - 7. Let n be i(5). Suppose 0 = n*y - 6, -x + 4*y - 4 = 3. Let a = -6 - -8. What is the remainder when a is divided by x?
0
Suppose 13*p + 27 = 16*p. Calculate the remainder when 42 is divided by p.
6
Suppose 0 = 3*i + 18 - 135. Suppose -2*w = 5*j - 8*j + 32, -4*w = 4*j - 76. Calculate the remainder when i is divided by j.
11
Suppose 4*t - 39 - 5 = 0. Calculate the remainder when 13 is divided by t.
2
Let w(n) = 2*n**2 - 6*n - 12. Calculate the remainder when w(6) is divided by 9.
6
Let h = 3 - 1. What is the remainder when 3 is divided by h?
1
Let y = -37 + 25. What is the remainder when 6 is divided by 5/1*y/(-15)?
2
Suppose 2*x + 5*x = 70. What is the remainder when 39 is divided by x?
9
Let l(i) = 26*i. What is the remainder when l(1) is divided by 14?
12
Let w(z) = 4*z**2 - 5*z + 13. Let t(f) = -5*f**2 + 6*f - 14. Let m(n) = -5*t(n) - 6*w(n). Calculate the remainder when m(-6) is divided by 15.
13
Suppose 5*j = 2*n + 19, -n + 4*j = -1 + 18. What is the remainder when 4 is divided by n?
1
Let i = -9 + 28. Calculate the remainder when 149 is divided by i.
16
Let l(r) = 5*r**2 - 6*r + 3. Calculate the remainder when l(3) is divided by (-3)/((-3)/7) + 1.
6
Let m be 3/12 - 31/(-4). Suppose -4*o + m*o - 40 = 0. What is the remainder when o is divided by 6?
4
Let r = 34 - 9. What is the remainder when r is divided by ((-104)/24)/(1/(-3))?
12
Suppose g - 5 = -4. Let k be (0 - 62)/(-3 + g). Suppose -35 = -3*y + k. Calculate the remainder when y is divided by 12.
10
Let k(c) = -6*c - 5. Let b be k(-5). Suppose -4*w = w - b. Calculate the remainder when w is divided by 4.
1
Let p(m) = 11*m + 8. Let l be p(-6). Calculate the remainder when (-3)/(-2) + l/(-4) is divided by 6.
4
What is the remainder when 536/8*(3 - 2) is divided by 17?
16
Let k(b) = -3*b**3 + 3*b**2 + 3*b + 1. What is the remainder when k(-3) is divided by 51?
49
Let o(m) = 14*m - 3. Calculate the remainder when 74 is divided by o(2).
24
Suppose u + 388 = 5*u. What is the remainder when u is divided by 25?
22
Let h = 7 - 3. Let c(s) = s**2 - 7*s - 4. Let z be c(h). Let b = 71 + z. What is the remainder when b is divided by 19?
17
Let n = 3 - -12. Suppose 2*q - 7*v = -3*v + 24, -4*q - 2*v + 8 = 0. What is the remainder when n is divided by q?
3
Suppose 3*h = 89 + 61. Calculate the remainder when h is divided by 14.
8
What is the remainder when 75 is divided by (2 + 0)*-1 - -28?
23
Let p(o) be the third derivative of 0*o**3 + 3/8*o**4 + 0 + 0*o - 3*o**2. Calculate the remainder when p(1) is divided by 5.
4
Suppose -4*o + 5*f + 88 = 3*f, -3*f - 12 = 0. What is the remainder when 136 is divided by o?
16
Let b = -67 - -117. Let r = b - 17. Suppose -61 = -7*m + 23. What is the remainder when r is divided by m?
9
Let j be (1 + -2)*762/(-6). Let h = j - 90. What is the remainder when h is divided by 13?
11
Suppose 0 = -w + 2*w + 5*s - 53, -s - 62 = -2*w. Let j = -5 + 22. Calculate the remainder when w is divided by j.
16
Let y = 42 - 26. Calculate the remainder when 76 is divided by y.
12
Let p(r) = 7*r**2 - 7*r - 4. Let c be p(-5). Suppose 5*m = -4*u + 270, 4*u + c = 5*m - 24. What is the remainder when m is divided by 13?
11
What is the remainder when -5 - (5 + (-2 - 26)) is divided by 13?
5
Suppose -r + 79 = 20. Suppose -3*a + r - 20 = 0. Calculate the remainder when a is divided by 8.
5
Suppose 0 = -3*z - 15, 6*b - b - 20 = 2*z. What is the remainder when 18 is divided by b?
0
What is the remainder when (-563)/(-11) + (-2)/11 is divided by 18?
15
Suppose -2*d = -d - 6. Suppose -4*k = -d*k + 24. Suppose -7*c + k = -2*c - 2*i, 0 = -2*c + 2*i. What is the remainder when 10 is divided by c?
2
Let l(v) = -v + 14. What is the remainder when 15 is divided by l(6)?
7
Let n = -1 + 1. Let g(r) = r + n*r + 4 + 0*r. What is the remainder when g(0) is divided by 3?
1
Let g = -57 + 19. Let v = g + 13. Let b = 41 + v. Calculate the remainder when b is divided by 9.
7
Let p(c) = -c + 3. Let g(u) = u**3 - 2*u**2 - 14. Calculate the remainder when g(4) is divided by p(-4).
4
Let i(j) be the third derivative of 7/6*j**3 + 7/24*j**4 + 0 + j**2 + 0*j. What is the remainder when i(6) is divided by 17?
15
Let y = 6 - 6. Suppose y = -5*q + 107 + 3. What is the remainder when q is divided by -4*((-3)/(-6) + -2)?
4
Let x(w) be the second derivative of 8*w**3 - w**2/2 + 2*w. Suppose 2 + 10 = s. Calculate the remainder when x(1) is divided by s.
11
Let p = -27 + 54. Calculate the remainder when 53 is divided by p.
26
Let q(j) = 6*j**3 + j**2 - 1. Let w be q(1). Suppose 0 = -8*h + 6*h + 140. Suppose -z + w*z = h. Calculate the remainder when 26 is divided by z.
12
Suppose 8 = -0*s + s. Let r(f) = -f**3 + 9*f**2 - 8*f + 1. Let b(u) = u + 8. What is the remainder when b(-6) is divided by r(s)?
0
Let u = -175 - -381. Calculate the remainder when u is divided by 53.
47
Let h(n) = 3*n**2 - 5*n + 1. Let m(b) = 1. Let v be 0 - (-3*1 - -2). Let c(z) = v*h(z) + m(z). What is the remainder when 40 is divided by c(3)?
12
Let y be (8/10)/((-1)/(-5)). Let o(s) = 3*s + 4 + 2*s - y*s. What is the remainder when 27 is divided by o(10)?
13
Suppose -x = x - 3*z - 42, -4*x = -2*z - 84. What is the remainder when x is divided by 6?
3
Suppose -3*y + 62 = 4*f - 120, -4*y + 3*f + 201 = 0. Suppose 3*b + 18 = y. What is the remainder when 57 is divided by b?
9
Suppose -3*b + 17 = 5. Suppose -c + b*c = 69. What is the remainder when 44 is divided by c?
21
Let f(s) = 2*s**2 - 3*s - 19. Calculate the remainder when f(7) is divided by 20.
18
Let d = -41 - -5. Calculate the remainder when 35 is divided by (1/(-2) - 0)*d.
17
Let v(c) = -c**2 - 4*c + 9. Calculate the remainder when v(-4) is divided by 7.
2
Suppose 33 = 3*s - 54. Calculate the remainder when s is divided by 10.
9
Calculate the remainder when ((-22)/(-2))/(2/22) is divided by 31.
28
Let u = 228 - 134. Calculate the remainder when u is divided by 19.
18
Let j = 42 - 30. Suppose 2*f - 3*f = -34. What is the remainder when f is divided by j?
10
Let s(r) = -r**3 - 5*r**2 - 6*r - 3. Let b(p) be the first derivative of 3*p**2/2 - 7*p + 3. What is the remainder when b(5) is divided by s(-4)?
3
Suppose -2*q = -18 - 4. Suppose -4*w + 93 = 4*v - 3, -5*v + 102 = -w. What is the remainder when v is divided by q?
10
Let y = 156 + -103. Calculate the remainder when y is divided by 14.
11
Let q be -1 + 0 + 2/1. Let l be q + -1 - 9/(-3). Suppose -r + 28